eatest common factor of 6482 and 98.
14
What is the highest common divisor of 3432 and 2200?
88
Calculate the greatest common divisor of 2227 and 3799.
131
Calculate the greatest common divisor of 462 and 42.
42
What is the greatest common factor of 3186 and 81?
27
What is the greatest common divisor of 18 and 4734?
18
Calculate the highest common divisor of 6 and 274.
2
What is the highest common divisor of 87 and 725?
29
What is the highest common divisor of 11 and 165?
11
What is the greatest common factor of 53 and 636?
53
Calculate the greatest common factor of 728 and 91.
91
What is the greatest common factor of 1164 and 485?
97
Calculate the highest common factor of 472 and 8.
8
What is the greatest common divisor of 23 and 667?
23
What is the highest common factor of 256 and 112?
16
Calculate the highest common factor of 108 and 270.
54
Calculate the greatest common factor of 148 and 10508.
148
Calculate the highest common factor of 366 and 78.
6
What is the greatest common divisor of 621 and 225?
9
What is the highest common factor of 25 and 10?
5
Calculate the greatest common factor of 25 and 10975.
25
Calculate the highest common divisor of 16 and 2.
2
Calculate the greatest common factor of 432 and 2916.
108
What is the greatest common factor of 2619 and 162?
27
What is the highest common factor of 2197 and 52?
13
What is the highest common divisor of 166 and 2?
2
Calculate the greatest common factor of 3735 and 83.
83
Calculate the highest common divisor of 22 and 2816.
22
Calculate the greatest common divisor of 84 and 4746.
42
What is the greatest common divisor of 15618 and 76?
38
What is the greatest common factor of 266 and 14?
14
What is the greatest common divisor of 159 and 3?
3
Calculate the greatest common divisor of 138 and 12.
6
Calculate the highest common divisor of 3696 and 192.
48
Calculate the highest common factor of 29001 and 21.
21
What is the highest common divisor of 92 and 2806?
46
What is the greatest common factor of 1258 and 204?
34
What is the highest common divisor of 980 and 20?
20
What is the highest common divisor of 90 and 66?
6
Calculate the greatest common factor of 10 and 18230.
10
Calculate the greatest common factor of 34 and 6.
2
Calculate the highest common factor of 11 and 5753.
11
Calculate the highest common divisor of 31 and 2883.
31
What is the highest common factor of 132 and 5016?
132
Calculate the highest common factor of 56 and 8.
8
What is the greatest common divisor of 12174 and 6?
6
What is the highest common factor of 160 and 430?
10
Calculate the greatest common divisor of 231 and 1771.
77
What is the greatest common divisor of 26 and 16666?
26
What is the highest common factor of 10 and 1310?
10
What is the greatest common divisor of 64 and 13264?
16
What is the highest common divisor of 4 and 15412?
4
Calculate the greatest common factor of 3 and 4302.
3
Calculate the highest common factor of 540 and 60.
60
What is the greatest common factor of 3726 and 138?
138
Calculate the greatest common divisor of 20064 and 192.
96
Calculate the greatest common divisor of 997 and 1.
1
Calculate the greatest common factor of 33 and 2387.
11
Calculate the highest common divisor of 256 and 1376.
32
Calculate the greatest common factor of 90 and 230.
10
Calculate the greatest common factor of 21 and 469.
7
Calculate the highest common factor of 10402 and 14.
14
Calculate the highest common factor of 90 and 240.
30
What is the greatest common divisor of 35 and 185?
5
Calculate the greatest common divisor of 1578 and 3.
3
Calculate the greatest common divisor of 26 and 4498.
26
What is the greatest common factor of 13626 and 2?
2
Calculate the highest common factor of 91 and 26.
13
What is the greatest common divisor of 31256 and 16?
8
What is the greatest common factor of 1222 and 208?
26
Calculate the greatest common divisor of 1 and 128.
1
What is the greatest common divisor of 171 and 135?
9
What is the greatest common factor of 160 and 96?
32
Calculate the greatest common divisor of 14 and 98.
14
What is the highest common factor of 896 and 1148?
28
What is the greatest common factor of 1104 and 96?
48
What is the highest common divisor of 584 and 112?
8
What is the greatest common divisor of 329 and 63?
7
What is the greatest common factor of 280 and 224?
56
What is the greatest common divisor of 78 and 9477?
39
Calculate the greatest common factor of 9 and 6081.
3
Calculate the greatest common divisor of 152 and 80.
8
Calculate the greatest common divisor of 1014 and 18.
6
Calculate the highest common factor of 10166 and 1105.
221
Calculate the greatest common divisor of 1566 and 54.
54
Calculate the highest common divisor of 5676 and 2322.
258
What is the greatest common factor of 496 and 80?
16
Calculate the highest common divisor of 14 and 124922.
14
What is the greatest common divisor of 897 and 1081?
23
What is the greatest common factor of 948 and 12?
12
What is the greatest common divisor of 193 and 9071?
193
What is the greatest common factor of 4491 and 72?
9
What is the greatest common factor of 248 and 280?
8
What is the greatest common factor of 2108 and 434?
62
Calculate the highest common divisor of 413 and 49.
7
Calculate the greatest common factor of 526 and 10.
2
Calculate the highest common factor of 9 and 1107.
9
What is the highest common divisor of 2150 and 6235?
215
What is the greatest common divisor of 299 and 115?
23
Calculate the greatest common factor of 520 and 80.
40
Calculate the highest common factor of 3227 and 7.
7
Calculate the greatest common factor of 1792 and 70.
14
What is the highest common divisor of 7 and 7357?
7
What is the highest common divisor of 2 and 148?
2
What is the highest common divisor of 220 and 2684?
44
Calculate the greatest common divisor of 46 and 3818.
46
Calculate the greatest common divisor of 111 and 74.
37
What is the highest common divisor of 207 and 43470?
207
Calculate the greatest common divisor of 815 and 5.
5
Calculate the highest common factor of 34 and 1156.
34
Calculate the highest common factor of 2513 and 7.
7
Calculate the greatest common factor of 6 and 51.
3
What is the greatest common factor of 1073 and 783?
29
What is the greatest common factor of 1612 and 1664?
52
Calculate the highest common factor of 102 and 357.
51
What is the highest common divisor of 156 and 1164?
12
What is the greatest common factor of 3696 and 21?
21
Calculate the highest common divisor of 56 and 19180.
28
Calculate the greatest common divisor of 963 and 107.
107
What is the greatest common factor of 396 and 495?
99
Calculate the highest common divisor of 28 and 1204.
28
Calculate the highest common divisor of 1269 and 27.
27
Calculate the highest common divisor of 7 and 343.
7
What is the greatest common factor of 580 and 80?
20
What is the highest common factor of 5915 and 338?
169
What is the highest common factor of 15 and 140?
5
Calculate the greatest common factor of 28037 and 106.
53
Calculate the greatest common factor of 236 and 2065.
59
Calculate the greatest common divisor of 75 and 50.
25
What is the highest common factor of 2419 and 533?
41
What is the highest common factor of 768 and 42?
6
Calculate the highest common divisor of 9 and 1233.
9
Calculate the greatest common factor of 2 and 544.
2
Calculate the greatest common divisor of 848 and 48.
16
What is the greatest common divisor of 1 and 3?
1
Calculate the highest common factor of 64 and 1216.
64
What is the highest common factor of 78 and 65?
13
What is the highest common divisor of 1288 and 69?
23
What is the highest common factor of 168 and 36?
12
What is the greatest common factor of 1023 and 93?
93
Calculate the greatest common divisor of 175 and 1855.
35
What is the highest common divisor of 7 and 35?
7
Calculate the highest common divisor of 178 and 6.
2
What is the highest common factor of 1598 and 94?
94
What is the greatest common divisor of 2 and 4?
2
Calculate the highest common divisor of 24 and 24.
24
What is the greatest common divisor of 114 and 627?
57
What is the greatest common factor of 365 and 10?
5
What is the greatest common factor of 528 and 2442?
66
Calculate the greatest common divisor of 26 and 52.
26
Calculate the highest common div